umber?
False
Is 2605579 a prime number?
True
Is 24671 composite?
False
Is 82261 prime?
True
Is 396833 prime?
True
Is 28151 a composite number?
False
Is 3653027 composite?
True
Is 6899 a composite number?
False
Is 72323 a prime number?
False
Is 131423 prime?
False
Is 35381 a composite number?
False
Is 47597 a composite number?
True
Is 12937 composite?
True
Is 623921 a composite number?
True
Is 76078 a prime number?
False
Is 8743 a prime number?
False
Is 5261 a composite number?
False
Is 6521 a composite number?
False
Is 439063 composite?
False
Is 4583 a prime number?
True
Is 13259 a composite number?
False
Is 20081 prime?
False
Is 509933 a composite number?
True
Is 333671 composite?
True
Is 34231 prime?
True
Is 6421 composite?
False
Is 31013 a composite number?
False
Is 2719 a composite number?
False
Is 265703 a prime number?
True
Is 335693 a composite number?
False
Is 60521 composite?
False
Is 300007 a prime number?
True
Is 3145283 a prime number?
True
Is 1839323 a composite number?
True
Is 3007 prime?
False
Is 3989 prime?
True
Is 1637 composite?
False
Is 66571 a prime number?
True
Is 1159115 prime?
False
Is 1890299 a composite number?
False
Is 16239 prime?
False
Is 18181 a composite number?
False
Is 67751 composite?
False
Is 114778 a prime number?
False
Is 24907 a prime number?
True
Is 20993 composite?
True
Is 469883 composite?
True
Is 2579 prime?
True
Is 79087 composite?
False
Is 223403 a prime number?
True
Is 76427 composite?
True
Is 71351 a prime number?
False
Is 4083 a composite number?
True
Is 604517 prime?
True
Is 15545 composite?
True
Is 34009 a prime number?
False
Is 697 a prime number?
False
Is 309059 composite?
False
Is 31013 a composite number?
False
Is 93281 a prime number?
True
Is 128657 a prime number?
True
Is 19531 composite?
False
Is 518822 a composite number?
True
Is 256337 a composite number?
False
Is 3691 prime?
True
Is 42611 a composite number?
False
Is 419402 composite?
True
Is 286205 composite?
True
Is 3374497 a prime number?
False
Is 1249 a composite number?
False
Is 9199 composite?
False
Is 155191 composite?
False
Is 1073777 a composite number?
True
Is 631 a prime number?
True
Is 23857 a prime number?
True
Is 19207 a prime number?
True
Is 557809 composite?
True
Is 91262 prime?
False
Is 131259 a prime number?
False
Is 10 composite?
True
Is 543091 a prime number?
False
Is 855331 composite?
False
Is 29717 a prime number?
True
Is 678115 composite?
True
Is 220369 a composite number?
False
Is 25031 a prime number?
True
Is 117659 a prime number?
True
Is 2949917 a composite number?
False
Is 21647 prime?
True
Is 35057 composite?
True
Is 41047 composite?
False
Is 13355 a composite number?
True
Is 889 a prime number?
False
Is 1332791 a prime number?
False
Is 666581 a prime number?
False
Is 5197 composite?
False
Is 4547 prime?
True
Is 21809 a prime number?
False
Is 116719 prime?
True
Is 38501 composite?
False
Is 148457 a prime number?
True
Is 312523 prime?
False
Is 10511 a prime number?
False
Is 40693 composite?
False
Is 3359 composite?
False
Is 61081 prime?
False
Is 155069 a prime number?
True
Is 3139 prime?
False
Is 32483 a composite number?
True
Is 54709 composite?
False
Is 13973 composite?
True
Is 68773 a prime number?
False
Is 187315 a prime number?
False
Is 15014 a prime number?
False
Is 703645 a composite number?
True
Is 14759 composite?
False
Is 15013 prime?
True
Is 70593 a composite number?
True
Is 74105 a composite number?
True
Is 15439 a prime number?
True
Is 12439 a composite number?
True
Is 22427 a prime number?
False
Is 1945 composite?
True
Is 230849 composite?
False
Is 1206955 a composite number?
True
Is 64391 a composite number?
True
Is 1015447 a composite number?
True
Is 5891 a composite number?
True
Is 78094 composite?
True
Is 46853 a prime number?
True
Is 222447 a prime number?
False
Is 7311 a prime number?
False
Is 12449 prime?
False
Is 50831 a composite number?
True
Is 58037 a prime number?
False
Is 26309 prime?
True
Is 154579 prime?
True
Is 26749 a composite number?
True
Is 128591 prime?
True
Is 8489 prime?
False
Is 54799 a prime number?
True
Is 87853 composite?
False
Is 22007 a composite number?
True
Is 549529 a prime number?
False
Is 40577 a composite number?
False
Is 12323 a prime number?
True
Is 304411 composite?
False
Is 2881 a composite number?
True
Is 1259573 a prime number?
False
Is 41771 prime?
True
Is 291286 a composite number?
True
Is 67439 a prime number?
False
Is 403219 prime?
True
Is 693331 composite?
True
Is 2927 composite?
False
Is 724769 composite?
False
Is 269981 prime?
True
Is 3022391 composite?
False
Is 191 a prime number?
True
Is 20711 composite?
True
Is 84871 a composite number?
False
Is 123989 prime?
True
Is 6407 a prime number?
False
Is 8597 a composite number?
False
Is 16586 a prime number?
False
Is 12899 a composite number?
False
Is 4610107 prime?
True
Is 16873 a composite number?
True
Is 7639 a composite number?
False
Is 3147607 a prime number?
False
Is 45941 composite?
True
Is 105373 a prime number?
True
Is 30631 composite?
False
Is 1227601 a composite number?
True
Is 1174 prime?
False
Is 85991 prime?
True
Is 95701 composite?
False
Is 3137 composite?
False
Is 3295 a prime number?
False
Is 163453 prime?
False
Is 46723 composite?
False
Is 8033 a composite number?
True
Is 79411 a prime number?
True
Is 35201 a prime number?
True
Is 57871 a prime number?
False
Is 72665 a composite number?
True
Is 766531 a prime number?
True
Is 91243 composite?
False
Is 9487 prime?
False
Is 25059 composite?
True
Is 188483 a composite number?
False
Is 828049 composite?
True
Is 1091549 a prime number?
True
Is 4645 prime?
False
Is 439709 a prime number?
True
Is 4571681 a composite number?
False
Is 6467 a composite number?
True
Is 5851 a composite number?
False
Is 134455 a prime number?
False
Is 404015 a composite number?
True
Is 58791 a composite number?
True
Is 587 a composite number?
False
Is 673 composite?
False
Is 367387 composite?
True
Is 51469 a composite number?
True
Is 765559 a composite number?
True
Is 8819 composite?
False
Is 4201 a prime number?
True
Is 213383 composite?
False
Is 55 a prime number?
False
Is 110057 a composite number?
True
Is 147167 prime?
False
Is 232049 a prime number?
True
Is 252431 prime?
True
Is 2101 a prime number?
False
Is 9527 composite?
True
Is 96113 a prime number?
False
Is 3935 a prime number?
False
Is 10753 composite?
False
Is 6197 prime?
True
Is 479939 prime?
True
Is 469 a composite number?
True
Is 2053 prime?
True
Is 863881 composite?
True
Is 1875659 prime?
False
Is 2323631 composite?
False
Is 11519 a prime number?
True
Is 6469 composite?
False
Is 1903 a composite number?
True
Is 66527 prime?
False
Is 8203 a prime number?
False
Is 55567 composite?
True
Is 25321 a composite number?
False
Is 17183 prime?
True
Is 509087 prime?
True
Is 153407 a prime number?
True
Is 94477 a composite number?
False
Is 10765 composite?
True
Is 58637 a composite number?
True
Is 239203 a prime number?
False
Is 4271 a composite number?
False
Is 1733 a composite number?
False
Is 103549 a prime number?
True
Is 1477 a prime number?
False
Is 41057 a prime number?
True
Is 702937 a composite number?
False
Is 17827 prime?
True
Is 95911 a composite number?
False
Is 416483 a composite number?
True
Is 459209 a composite number?
False
Is 9347 composite?
True
Is 23554 prime?
False
Is 221081 prime?
False
Is 1253 a prime number?
False
Is 1559 a prime number?
True
Is 3979 composite?
True
Is 1623421 composite?
False
Is 62207 a composite number?
False
Is 10078 a composite number?
True
Is 240983 a composite number?
True
Is 394843 a prime number?
False
Is 738301 prime?
True
Is 1543 a prime number?
True
Is 87037 a prime number?
True
Is 547 composite?
False
Is 1753 composite?
False
Is 1359471 a prime number?
False
Is 7001 prime?
True
Is 13963 a composite number?
False
Is 14957 a prime number?
True
Is 93683 prime?
True
Is 9469 composite?
True
Is 17558 prime?
False
Is 60629 composite?
True
Is 38939 composite?
True
Is 78919 a composite number?
False
Is 6319 a composite number?
True
Is 401341 a composite number?
False
Is 106483 prime?
False
Is 3317 a composite number?
True
Is 1956391 prime?
True
Is 4783 a composite number?
False
Is 3691 prime?
True
Is 5141 composite?
True
Is 829949 a prime number?
True
Is 216415